{"id":10,"date":"2024-09-04T17:37:21","date_gmt":"2024-09-04T17:37:21","guid":{"rendered":"https:\/\/refaccionesfranco.mx\/?page_id=10"},"modified":"2025-07-22T15:52:47","modified_gmt":"2025-07-22T20:52:47","slug":"equipo-franco","status":"publish","type":"page","link":"https:\/\/refaccionesfranco.cloud\/index.php\/equipo-franco\/","title":{"rendered":"EQUIPO FRANCO"},"content":{"rendered":"<p>[et_pb_section fb_built=&#8221;1&#8243; _builder_version=&#8221;4.27.0&#8243; _module_preset=&#8221;default&#8221; background_color=&#8221;#06116e&#8221; custom_padding=&#8221;7px|||||&#8221; global_colors_info=&#8221;{}&#8221;][et_pb_row _builder_version=&#8221;4.27.0&#8243; _module_preset=&#8221;default&#8221; global_colors_info=&#8221;{}&#8221;][et_pb_column type=&#8221;4_4&#8243; _builder_version=&#8221;4.27.0&#8243; _module_preset=&#8221;default&#8221; global_colors_info=&#8221;{}&#8221;][et_pb_heading title=&#8221;EQUIPO FRANCO&#8221; _builder_version=&#8221;4.27.0&#8243; _module_preset=&#8221;default&#8221; title_font=&#8221;|800|||||||&#8221; title_text_color=&#8221;#FFFFFF&#8221; title_font_size=&#8221;31px&#8221; title_letter_spacing=&#8221;1px&#8221; animation_style=&#8221;bounce&#8221; global_colors_info=&#8221;{}&#8221;][\/et_pb_heading][\/et_pb_column][\/et_pb_row][\/et_pb_section][et_pb_section fb_built=&#8221;1&#8243; specialty=&#8221;on&#8221; _builder_version=&#8221;4.27.0&#8243; _module_preset=&#8221;default&#8221; custom_margin=&#8221;-48px|||||&#8221; global_colors_info=&#8221;{}&#8221;][et_pb_column type=&#8221;1_2&#8243; _builder_version=&#8221;4.16&#8243; custom_padding=&#8221;|||&#8221; global_colors_info=&#8221;{}&#8221; custom_padding__hover=&#8221;|||&#8221;][et_pb_gallery gallery_ids=&#8221;201,202,203,204,205,206,207,709&#8243; posts_number=&#8221;7&#8243; show_title_and_caption=&#8221;off&#8221; zoom_icon_color=&#8221;#06116e&#8221; hover_overlay_color=&#8221;rgba(0,0,0,0.33)&#8221; hover_icon=&#8221;&#xe042;||divi||400&#8243; _builder_version=&#8221;4.27.4&#8243; _module_preset=&#8221;default&#8221; caption_font_size=&#8221;14px&#8221; pagination_font=&#8221;|700|||||||&#8221; pagination_text_align=&#8221;center&#8221; pagination_text_color=&#8221;#06116e&#8221; pagination_font_size=&#8221;15px&#8221; background_color=&#8221;rgba(33,19,4,0.21)&#8221; width=&#8221;100%&#8221; max_width=&#8221;95%&#8221; min_height=&#8221;841.9px&#8221; custom_margin=&#8221;0px||0px||true|false&#8221; custom_padding=&#8221;13px|13px|13px|13px|true|true&#8221; animation_style=&#8221;slide&#8221; border_radii_image=&#8221;on|7px|7px|7px|7px&#8221; border_width_all_image=&#8221;1px&#8221; border_color_all_image=&#8221;#000000&#8243; box_shadow_style_image=&#8221;preset1&#8243; box_shadow_color_image=&#8221;#06116e&#8221; global_colors_info=&#8221;{}&#8221;][\/et_pb_gallery][\/et_pb_column][et_pb_column type=&#8221;1_2&#8243; specialty_columns=&#8221;2&#8243; _builder_version=&#8221;4.16&#8243; custom_padding=&#8221;|||&#8221; global_colors_info=&#8221;{}&#8221; custom_padding__hover=&#8221;|||&#8221;][et_pb_row_inner _builder_version=&#8221;4.27.0&#8243; _module_preset=&#8221;default&#8221; global_colors_info=&#8221;{}&#8221;][et_pb_column_inner saved_specialty_column_type=&#8221;1_2&#8243; _builder_version=&#8221;4.27.0&#8243; _module_preset=&#8221;default&#8221; global_colors_info=&#8221;{}&#8221;][et_pb_heading title=&#8221;Nuestro Equipo&#8221; _builder_version=&#8221;4.27.0&#8243; _module_preset=&#8221;default&#8221; title_font=&#8221;|700|||||||&#8221; title_text_color=&#8221;#06116e&#8221; animation_style=&#8221;roll&#8221; global_colors_info=&#8221;{}&#8221;][\/et_pb_heading][\/et_pb_column_inner][\/et_pb_row_inner][et_pb_row_inner _builder_version=&#8221;4.27.0&#8243; _module_preset=&#8221;default&#8221; custom_margin=&#8221;-15px|||||&#8221; global_colors_info=&#8221;{}&#8221;][et_pb_column_inner saved_specialty_column_type=&#8221;1_2&#8243; _builder_version=&#8221;4.27.0&#8243; _module_preset=&#8221;default&#8221; global_colors_info=&#8221;{}&#8221;][et_pb_accordion open_toggle_text_color=&#8221;#FFFFFF&#8221; open_toggle_background_color=&#8221;#888888&#8243; closed_toggle_background_color=&#8221;#06116e&#8221; icon_color=&#8221;#FFFFFF&#8221; _builder_version=&#8221;4.27.4&#8243; _module_preset=&#8221;default&#8221; toggle_text_color=&#8221;#FFFFFF&#8221; toggle_font=&#8221;|600|on|on|||||&#8221; toggle_font_size=&#8221;17px&#8221; body_text_color=&#8221;#FFFFFF&#8221; text_orientation=&#8221;left&#8221; animation_style=&#8221;fold&#8221; hover_enabled=&#8221;0&#8243; border_radii=&#8221;on|10px|10px|10px|10px&#8221; box_shadow_style=&#8221;preset1&#8243; box_shadow_blur=&#8221;19px&#8221; global_colors_info=&#8221;{}&#8221; sticky_enabled=&#8221;0&#8243;][et_pb_accordion_item title=&#8221;Sucursal Vertiz 343&#8243; open=&#8221;on&#8221; _builder_version=&#8221;4.27.4&#8243; _module_preset=&#8221;default&#8221; link_option_url=&#8221;https:\/\/refaccionesfranco.cloud\/especialistasenfrenos\/&#8221; link_option_url_new_window=&#8221;on&#8221; global_colors_info=&#8221;{}&#8221;]<\/p>\n<button id=\"bb1\" type=\"button\" value=\"Play\" class=\"responsivevoice-button\" title=\"ResponsiveVoice Tap to Start\/Stop Speech\"><span>&#128266; Escuchar<\/span><\/button>\n        <script>\n            bb1.onclick = function(){\n                if(responsiveVoice.isPlaying()){\n                    responsiveVoice.cancel();\n                }else{\n                    responsiveVoice.speak(\"\u201cEl sistema de frenos es vital para la seguridad de los ocupantes y del propio veh\u00edculo\u201d , en Auto Refacciones Franco tenemos la certeza de ello, por lo que tenemos un \u00e1rea especializada en brindar las mejores soluciones para el mantenimiento de este sistema vehicular,en nuestra sucursal Sistemas de Frenado a menos de 30 metros de la matriz (Vertiz 343).\", \"Spanish Latin American Female\");\n                }\n            };\n        <\/script>\n     \u201cEl sistema de frenos es vital para la seguridad de los ocupantes y del propio veh\u00edculo\u201d , en Auto Refacciones Franco tenemos la certeza de ello, por lo que tenemos un \u00e1rea especializada en brindar las mejores soluciones para el mantenimiento de este sistema vehicular,en nuestra sucursal Sistemas de Frenado a menos de 30 metros de la matriz (Vertiz 343). \n<p>[\/et_pb_accordion_item][et_pb_accordion_item title=&#8221;SERVICIO&#8221; _builder_version=&#8221;4.27.4&#8243; _module_preset=&#8221;default&#8221; global_colors_info=&#8221;{}&#8221; open=&#8221;off&#8221;]<\/p>\n<button id=\"bb2\" type=\"button\" value=\"Play\" class=\"responsivevoice-button\" title=\"ResponsiveVoice Tap to Start\/Stop Speech\"><span>&#128266; Escuchar<\/span><\/button>\n        <script>\n            bb2.onclick = function(){\n                if(responsiveVoice.isPlaying()){\n                    responsiveVoice.cancel();\n                }else{\n                    responsiveVoice.speak(\"\u201cServicio personalizado, profesional, ameno y efectivo\u201d es uno de los pilares que nos ha permitido acumular experiencia en estos primeros 60 a\u00f1os, atendiendo tus necesidades\u201d.\", \"Spanish Latin American Female\");\n                }\n            };\n        <\/script>\n     \u201cServicio personalizado, profesional, ameno y efectivo\u201d es uno de los pilares que nos ha permitido acumular experiencia en estos primeros 60 a\u00f1os, atendiendo tus necesidades\u201d. \n<p>[\/et_pb_accordion_item][et_pb_accordion_item title=&#8221;ATENCI\u00d3N&#8221; _builder_version=&#8221;4.27.4&#8243; _module_preset=&#8221;default&#8221; global_colors_info=&#8221;{}&#8221; open=&#8221;off&#8221;]<\/p>\n<button id=\"bb3\" type=\"button\" value=\"Play\" class=\"responsivevoice-button\" title=\"ResponsiveVoice Tap to Start\/Stop Speech\"><span>&#128266; Escuchar<\/span><\/button>\n        <script>\n            bb3.onclick = function(){\n                if(responsiveVoice.isPlaying()){\n                    responsiveVoice.cancel();\n                }else{\n                    responsiveVoice.speak(\"\u201cLa calidad humana, la entendemos como la integraci\u00f3n de conocimiento, sensibilidad, criterio, equilibrio y profundidad. En Auto Refacciones Franco cultivamos esos y m\u00e1s valores en nuestra cultura organizacional, con el objetivo de brindarte soluciones y servicio.\u201d\", \"Spanish Latin American Female\");\n                }\n            };\n        <\/script>\n     \u201cLa calidad humana, la entendemos como la integraci\u00f3n de conocimiento, sensibilidad, criterio, equilibrio y profundidad. En Auto Refacciones Franco cultivamos esos y m\u00e1s valores en nuestra cultura organizacional, con el objetivo de brindarte soluciones y servicio.\u201d \n<p>[\/et_pb_accordion_item][et_pb_accordion_item title=&#8221;DISPONIBILIDAD Y PRECIO&#8221; _builder_version=&#8221;4.27.4&#8243; _module_preset=&#8221;default&#8221; global_colors_info=&#8221;{}&#8221; open=&#8221;off&#8221;]<\/p>\n<button id=\"bb4\" type=\"button\" value=\"Play\" class=\"responsivevoice-button\" title=\"ResponsiveVoice Tap to Start\/Stop Speech\"><span>&#128266; Escuchar<\/span><\/button>\n        <script>\n            bb4.onclick = function(){\n                if(responsiveVoice.isPlaying()){\n                    responsiveVoice.cancel();\n                }else{\n                    responsiveVoice.speak(\"\u201cNo hay refacci\u00f3n m\u00e1s cara que la que no encuentras\u201d, en Auto Refacciones Franco lo sabemos muy bien y contamos con la tecnolog\u00eda, los algoritmos, la experiencia y las habilidades para ofrecerte una gran disponibilidad de las refacciones que necesitas y m\u00e1s a\u00fan, nos esforzamos permanentemente para brindarte los mejores precios del mercado nacional\\\".\", \"Spanish Latin American Female\");\n                }\n            };\n        <\/script>\n     \u201cNo hay refacci\u00f3n m\u00e1s cara que la que no encuentras\u201d, en Auto Refacciones Franco lo sabemos muy bien y contamos con la tecnolog\u00eda, los algoritmos, la experiencia y las habilidades para ofrecerte una gran disponibilidad de las refacciones que necesitas y m\u00e1s a\u00fan, nos esforzamos permanentemente para brindarte los mejores precios del mercado nacional&#8221;. \n<p>[\/et_pb_accordion_item][et_pb_accordion_item title=&#8221;CALIDAD&#8221; _builder_version=&#8221;4.27.4&#8243; _module_preset=&#8221;default&#8221; global_colors_info=&#8221;{}&#8221; open=&#8221;off&#8221;]<\/p>\n<button id=\"bb5\" type=\"button\" value=\"Play\" class=\"responsivevoice-button\" title=\"ResponsiveVoice Tap to Start\/Stop Speech\"><span>&#128266; Escuchar<\/span><\/button>\n        <script>\n            bb5.onclick = function(){\n                if(responsiveVoice.isPlaying()){\n                    responsiveVoice.cancel();\n                }else{\n                    responsiveVoice.speak(\"\u201cm\u00e1s del 90% de las marcas que manejamos son de Calidad Original\u201d (los fabricantes de veh\u00edculos las ocupan para ensamblar sus autos).\", \"Spanish Latin American Female\");\n                }\n            };\n        <\/script>\n     \u201cm\u00e1s del 90% de las marcas que manejamos son de Calidad Original\u201d (los fabricantes de veh\u00edculos las ocupan para ensamblar sus autos). \n<p>[\/et_pb_accordion_item][et_pb_accordion_item title=&#8221;INFORMACI\u00d3N \u00daTIL, RELEVANTE Y PUBLICIDAD&#8221; _builder_version=&#8221;4.27.4&#8243; _module_preset=&#8221;default&#8221; global_colors_info=&#8221;{}&#8221; open=&#8221;off&#8221;]<\/p>\n<button id=\"bb6\" type=\"button\" value=\"Play\" class=\"responsivevoice-button\" title=\"ResponsiveVoice Tap to Start\/Stop Speech\"><span>&#128266; Escuchar<\/span><\/button>\n        <script>\n            bb6.onclick = function(){\n                if(responsiveVoice.isPlaying()){\n                    responsiveVoice.cancel();\n                }else{\n                    responsiveVoice.speak(\"\u201cOcupamos equipos de se\u00f1alizaci\u00f3n digital en nuestros mostradores, para mostrar y comunicar informaci\u00f3n \u00fatil y relevante de nuestros proveedores, sus productos destacados, marcas, promociones y consejos para diagnosticar fallas, etc.\u201d\", \"Spanish Latin American Female\");\n                }\n            };\n        <\/script>\n     \u201cOcupamos equipos de se\u00f1alizaci\u00f3n digital en nuestros mostradores, para mostrar y comunicar informaci\u00f3n \u00fatil y relevante de nuestros proveedores, sus productos destacados, marcas, promociones y consejos para diagnosticar fallas, etc.\u201d \n<p>[\/et_pb_accordion_item][et_pb_accordion_item title=&#8221;SEGURIDAD&#8221; _builder_version=&#8221;4.27.4&#8243; _module_preset=&#8221;default&#8221; global_colors_info=&#8221;{}&#8221; open=&#8221;off&#8221;]<\/p>\n<button id=\"bb7\" type=\"button\" value=\"Play\" class=\"responsivevoice-button\" title=\"ResponsiveVoice Tap to Start\/Stop Speech\"><span>&#128266; Escuchar<\/span><\/button>\n        <script>\n            bb7.onclick = function(){\n                if(responsiveVoice.isPlaying()){\n                    responsiveVoice.cancel();\n                }else{\n                    responsiveVoice.speak(\"\u00a0 \u201cContamos con personal de seguridad, sistema de videovigilancia y amplio estacionamiento, para brindarte comodidad y seguridad en tu estancia en cada una de nuestras sucursales.\u201d\", \"Spanish Latin American Female\");\n                }\n            };\n        <\/script>\n    \u00a0 \u201cContamos con personal de seguridad, sistema de videovigilancia y amplio estacionamiento, para brindarte comodidad y seguridad en tu estancia en cada una de nuestras sucursales.\u201d \n<p>[\/et_pb_accordion_item][et_pb_accordion_item title=&#8221;AGILIDAD DE ATENCI\u00d3N EN MOSTRADOR&#8221; _builder_version=&#8221;4.27.4&#8243; _module_preset=&#8221;default&#8221; global_colors_info=&#8221;{}&#8221; open=&#8221;off&#8221;]<\/p>\n<button id=\"bb8\" type=\"button\" value=\"Play\" class=\"responsivevoice-button\" title=\"ResponsiveVoice Tap to Start\/Stop Speech\"><span>&#128266; Escuchar<\/span><\/button>\n        <script>\n            bb8.onclick = function(){\n                if(responsiveVoice.isPlaying()){\n                    responsiveVoice.cancel();\n                }else{\n                    responsiveVoice.speak(\"\u201cContamos con un amplio mostrador y un gran equipo de Asesores Profesionales para venta de refacciones, habilitados con tecnolog\u00eda \u00e1gil para brindarte una atenci\u00f3n din\u00e1mica y efectiva\u201d.\", \"Spanish Latin American Female\");\n                }\n            };\n        <\/script>\n     \u201cContamos con un amplio mostrador y un gran equipo de Asesores Profesionales para venta de refacciones, habilitados con tecnolog\u00eda \u00e1gil para brindarte una atenci\u00f3n din\u00e1mica y efectiva\u201d. \n<p>[\/et_pb_accordion_item][et_pb_accordion_item title=&#8221;INNOVACION PERMANENTE&#8221; _builder_version=&#8221;4.27.4&#8243; _module_preset=&#8221;default&#8221; global_colors_info=&#8221;{}&#8221; open=&#8221;off&#8221;]<\/p>\n<button id=\"bb9\" type=\"button\" value=\"Play\" class=\"responsivevoice-button\" title=\"ResponsiveVoice Tap to Start\/Stop Speech\"><span>&#128266; Escuchar<\/span><\/button>\n        <script>\n            bb9.onclick = function(){\n                if(responsiveVoice.isPlaying()){\n                    responsiveVoice.cancel();\n                }else{\n                    responsiveVoice.speak(\"\u201cDesde los a\u00f1os 70\u00b4s nos hemos caracterizado por aprovechar la Tecnolog\u00eda para optimizar nuestros procesos, en los 80\u00b4s fuimos pioneros en ocupar computadoras personales para agilizar la atenci\u00f3n en el mostrador, en los 90\u00b4s implementamos la integraci\u00f3n y centralizaci\u00f3n de nuestras sucursales; ya en este siglo XXI evolucionamos, especializamos y personalizamos la tecnolog\u00eda que ocupamos para agilizar todas las \u00e1reas operativas. En este 2025, fortaleceremos nuestras estrategias y sistemas para gestionar y digitalizar la relaci\u00f3n con nuestros clientes.\", \"Spanish Latin American Female\");\n                }\n            };\n        <\/script>\n     \u201cDesde los a\u00f1os 70\u00b4s nos hemos caracterizado por aprovechar la Tecnolog\u00eda para optimizar nuestros procesos, en los 80\u00b4s fuimos pioneros en ocupar computadoras personales para agilizar la atenci\u00f3n en el mostrador, en los 90\u00b4s implementamos la integraci\u00f3n y centralizaci\u00f3n de nuestras sucursales; ya en este siglo XXI evolucionamos, especializamos y personalizamos la tecnolog\u00eda que ocupamos para agilizar todas las \u00e1reas operativas. En este 2025, fortaleceremos nuestras estrategias y sistemas para gestionar y digitalizar la relaci\u00f3n con nuestros clientes. \n<p>[\/et_pb_accordion_item][et_pb_accordion_item title=&#8221;TALLERES MECANICOS&#8221; _builder_version=&#8221;4.27.4&#8243; _module_preset=&#8221;default&#8221; link_option_url_new_window=&#8221;on&#8221; hover_enabled=&#8221;0&#8243; global_colors_info=&#8221;{}&#8221; open=&#8221;off&#8221; sticky_enabled=&#8221;0&#8243;]<\/p>\n<button id=\"bb10\" type=\"button\" value=\"Play\" class=\"responsivevoice-button\" title=\"ResponsiveVoice Tap to Start\/Stop Speech\"><span>&#128266; Escuchar<\/span><\/button>\n        <script>\n            bb10.onclick = function(){\n                if(responsiveVoice.isPlaying()){\n                    responsiveVoice.cancel();\n                }else{\n                    responsiveVoice.speak(\"\u201cReconocemos su preferencia y gracias a ustedes \u00a1hemos logrado estos primeros 60 a\u00f1os! En este 2025, aprovecharemos la tecnolog\u00eda emergente para agilizar a\u00fan m\u00e1s la atenci\u00f3n a nuestros clientes y en especial, apoyaremos a los Talleres Mec\u00e1nicos en la adopci\u00f3n de tecnolog\u00edas que les permitan profesionalizar sus propios servicios, establecer controles fundamentales de su empresa e incrementar sus ingresos.\u201d \u2026 \u00bfTe interesa?\", \"Spanish Latin American Female\");\n                }\n            };\n        <\/script>\n     \u201cReconocemos su preferencia y gracias a ustedes \u00a1hemos logrado estos primeros 60 a\u00f1os! En este 2025, aprovecharemos la tecnolog\u00eda emergente para agilizar a\u00fan m\u00e1s la atenci\u00f3n a nuestros clientes y en especial, apoyaremos a los Talleres Mec\u00e1nicos en la adopci\u00f3n de tecnolog\u00edas que les permitan profesionalizar sus propios servicios, establecer controles fundamentales de su empresa e incrementar sus ingresos.\u201d \u2026 \u00bfTe interesa? \n<p style=\"text-align: center;\"><span style=\"text-decoration: underline;\"><strong><a href=\"https:\/\/refaccionesfranco.cloud\/registroclientes\/\" target=\"_blank\" rel=\"noopener\">REG\u00cdSTRATE AQU\u00cd \u21b5<\/a><\/strong><\/span><\/p>\n<p>[\/et_pb_accordion_item][\/et_pb_accordion][\/et_pb_column_inner][\/et_pb_row_inner][\/et_pb_column][\/et_pb_section]<\/p>\n","protected":false},"excerpt":{"rendered":"<p><button id=\"bb11\" type=\"button\" value=\"Play\" class=\"responsivevoice-button\" title=\"ResponsiveVoice Tap to Start\/Stop Speech\"><span>&#128266; Escuchar<\/span><\/button>\n        <script>\n            bb11.onclick = function(){\n                if(responsiveVoice.isPlaying()){\n                    responsiveVoice.cancel();\n                }else{\n                    responsiveVoice.speak(\"\", \"Spanish Latin American Female\");\n                }\n            };\n        <\/script>\n     \u201cEl sistema de frenos es vital para la seguridad de los ocupantes y del propio veh\u00edculo\u201d , en Auto Refacciones Franco tenemos la certeza de ello, por lo que tenemos un \u00e1rea especializada en brindar las mejores soluciones para el mantenimiento de este sistema vehicular,en nuestra sucursal Sistemas de [&hellip;]<\/p>\n","protected":false},"author":1,"featured_media":0,"parent":0,"menu_order":0,"comment_status":"closed","ping_status":"closed","template":"","meta":{"_et_pb_use_builder":"on","_et_pb_old_content":"<!-- wp:divi\/placeholder \/-->","_et_gb_content_width":"","_monsterinsights_skip_tracking":false,"_monsterinsights_sitenote_active":false,"_monsterinsights_sitenote_note":"","_monsterinsights_sitenote_category":0,"_uf_show_specific_survey":0,"_uf_disable_surveys":false,"_joinchat":[],"footnotes":""},"class_list":["post-10","page","type-page","status-publish","hentry"],"aioseo_notices":[],"_hostinger_reach_plugin_has_subscription_block":false,"_hostinger_reach_plugin_is_elementor":false,"_links":{"self":[{"href":"https:\/\/refaccionesfranco.cloud\/index.php\/wp-json\/wp\/v2\/pages\/10","targetHints":{"allow":["GET"]}}],"collection":[{"href":"https:\/\/refaccionesfranco.cloud\/index.php\/wp-json\/wp\/v2\/pages"}],"about":[{"href":"https:\/\/refaccionesfranco.cloud\/index.php\/wp-json\/wp\/v2\/types\/page"}],"author":[{"embeddable":true,"href":"https:\/\/refaccionesfranco.cloud\/index.php\/wp-json\/wp\/v2\/users\/1"}],"replies":[{"embeddable":true,"href":"https:\/\/refaccionesfranco.cloud\/index.php\/wp-json\/wp\/v2\/comments?post=10"}],"version-history":[{"count":23,"href":"https:\/\/refaccionesfranco.cloud\/index.php\/wp-json\/wp\/v2\/pages\/10\/revisions"}],"predecessor-version":[{"id":720,"href":"https:\/\/refaccionesfranco.cloud\/index.php\/wp-json\/wp\/v2\/pages\/10\/revisions\/720"}],"wp:attachment":[{"href":"https:\/\/refaccionesfranco.cloud\/index.php\/wp-json\/wp\/v2\/media?parent=10"}],"curies":[{"name":"wp","href":"https:\/\/api.w.org\/{rel}","templated":true}]}}